 Let f be y(-10). Let k(b) = 8*b + 1. Calculate k(f).
9
Let o(a) be the second derivative of 17*a**4/6 + 8*a**3/3 - 8*a**2 + 43*a. Let j(r) = -7*r**2 - 3*r + 3. Let d(t) = 11*j(t) + 2*o(t). Calculate d(1).
-9
Let i(x) = 48*x**2 - 3*x. Let y(z) = -z**2 - 16*z - 56. Let q be y(-5). Determine i(q).
51
Let q(x) = 3*x**2 - 1. Suppose 2*w = 5*b + 65, 6 + 87 = 3*w - 3*b. Suppose 2*a - 28 = -w. What is q(a)?
2
Let y(v) = -2*v - v + 7 - 12 - 2*v. Let t(n) = -n + 2. Let z(l) = 4*t(l) - y(l). What is z(-8)?
5
Let g = 4 + -1. Let c(q) = 5 - 4*q + g*q + 0 + 2*q. Let a be (-26)/(-39) - 2/(-6) - 8. Determine c(a).
-2
Let d(b) be the second derivative of -b**3/2 + 7*b**2/2 - 1828*b - 1. Determine d(-20).
67
Suppose -675*d + 72 = -651*d. Let y(r) be the third derivative of 0 - 1/8*r**4 - 6*r**2 - 2/3*r**d - 1/30*r**5 + 0*r. What is y(-3)?
-13
Let o(v) = -7. Let q(a) = a + 8. Let k(m) = -3*o(m) - 4*q(m). Suppose -u = 2*h + 3, 4*u - 11 - 13 = h. Give k(h).
5
Let q = 4812 - 4799. Let j(u) = -u**3 + 15*u**2 - 21*u - 56. What is j(q)?
9
Let t(p) be the first derivative of -p**6/120 + 2*p**5/15 + p**3/3 + 19*p**2 - 85. Let l(w) be the second derivative of t(w). Calculate l(8).
2
Let h(a) = a**2 + 18*a + 56. Let u be h(-4). Let j(r) = -r - 56 + u*r + 37. Let s be (3 - 3)/(2*-1). Determine j(s).
-19
Let c(u) be the third derivative of 2*u**4/3 + 4*u**3/3 - 6872*u**2. Give c(4).
72
Suppose -2620 = -7*i + 2*i. Let k = i + -517. Let h(b) = -b**3 + 7*b**2 - 2*b + 4. Calculate h(k).
-10
Let f(t) = -3*t**2 - 9*t - 9. Let h(y) = 16*y**2 + 46*y + 45. Let q(k) = 11*f(k) + 2*h(k). Let l be ((-32)/(-12) - 3) + (-51)/9. Calculate q(l).
-3
Let v be 42/((-66)/11)*(-4)/(-14). Let r(i) = 30*i + 3. Give r(v).
-57
Let j(w) = -w**2 + 7*w - 53. Let o(a) = -a**2 + 6*a - 64. Let p(g) = -6*j(g) + 5*o(g). Let u = 163 - 151. Give p(u).
-2
Let h(b) = -b**3 + 6*b**2 - 7*b + 6. Suppose 2*o - 96 = 5*o. Suppose 6*n + 21 = -d + 9*n, 5*n + 37 = -d. Let q = d - o. What is h(q)?
-4
Let d(c) = 3*c**3 + c**2. Let g be d(-1). Let l(z) = -2*z**2 + 3*z - 23. Let n(x) = x - 11. Let a(k) = l(k) - 2*n(k). Calculate a(g).
-11
Let u(f) = -10*f - 6. Let x(j) be the first derivative of -j**2/2 - j + 38. Let i(t) = u(t) - 6*x(t). Calculate i(-4).
16
Suppose 5 + 0 = -4*j + 5*v, j = -5*v + 30. Suppose -j*d + 38 = 13. Let s(h) = 0 + 3 - d*h + h + 3*h. Give s(5).
-2
Let r(z) = z**3 + 12*z**2 - 114. Let c = 8249 - 8260. Determine r(c).
7
Suppose -248*b = 3*n - 247*b + 9, -5*n - 3*b = 11. Let t(s) = 2 + 2*s + 2*s - 5*s + 0. Determine t(n).
6
Let o(f) = -f**2 - f. Suppose -3*t - t = 20, 5*t + 25 = 4*b. Let r be o(b). Let q(p) = r*p**2 + 10 - 2*p**2 + 3*p**2. Determine q(0).
10
Let u(v) = -49*v**2 - 4*v - 7. Let s(x) = -72*x**2 - 5*x - 8. Let d(b) = -2*s(b) + 3*u(b). Give d(-4).
-45
Let c(f) = -4*f**3 + 32*f**2 + 6*f + 4. Let x be c(8). Let g(o) = -x*o + 61*o + 9 - 6. Give g(-2).
-15
Suppose 5*i - c + 9 = 0, 2*i + 4 = c - 2. Let s(u) be the third derivative of 4*u**5/15 - u**4/12 - u**3/3 - 534*u**2 + u. Give s(i).
16
Let q(k) be the first derivative of -7*k**2/2 - 13*k + 23. Let p(n) = 13*n + 24. Let z(d) = -6*p(d) - 11*q(d). Let i be 1 - 2 - (-4 - 0). Determine z(i).
-4
Let k(v) = -5*v**2 - 49*v + 173. Let o(f) = 6*f**2 + 54*f - 200. Let x(n) = -7*k(n) - 6*o(n). Calculate x(9).
79
Let t(c) be the third derivative of -1/30*c**5 - 1/6*c**3 + 29*c**2 - 1/8*c**4 + c + 0. Calculate t(-2).
-3
Let v(z) = -227*z + 670. Let d be v(3). Let g(r) = -3*r - 20. Determine g(d).
13
Let j(z) = 2*z**2 - 7*z. Let t be 2/(602/(-28) + 22). Determine j(t).
4
Let u(r) = 11*r + 25. Let p be u(5). Let j = p + -77. Suppose -4*f = -j*t - t + 20, f + 15 = 3*t. Let d(z) = -z - 5. Give d(t).
-10
Let q(n) be the third derivative of -74*n**2 + 2/3*n**3 + 0 - 1/8*n**4 + 0*n. Determine q(4).
-8
Let u(v) = 4*v**2 - 18*v - 8. Let w(f) = 13*f**2 - 59*f - 25. Let a(d) = 10*u(d) - 3*w(d). Suppose -2*q + 2*z = -12, 5 = 4*q - 2*z - 19. Calculate a(q).
13
Let n(s) = s**3 + 7*s**2 + 8*s - 5. Let r be n(-6). Let q = r - -11. Let o be q + (-5 + 1)/(-2). Let t(c) = -2*c. Determine t(o).
8
Let j(s) = 12*s**2 + 0*s**2 + 5579 - 5586 + s**3 - 8*s**2. Determine j(-4).
-7
Suppose -2*g + 71 = -5*b, -3*g + 16 = -5*b - 58. Let r(v) = v**3 + 14*v**2 + 17*v + 7. What is r(b)?
-45
Let w(g) = 7*g - 3. Suppose -2*x = o - 19, -3*x + 34 + 35 = 3*o. Suppose -5*d - 179 + 54 = 0. Let l = d + o. What is w(l)?
11
Let m(y) be the third derivative of -y**5/60 + 19*y**4/24 - 2*y**3/3 - 3*y**2 - 9*y - 3. Determine m(18).
14
Suppose 5*s = 3*r - 30, 3*r - s - 42 = -0*r. Let x(b) = 25508*b - 25511*b - 8 + r. Calculate x(7).
-14
Let r be (-28)/2*3/(-3). Suppose -101 = -3*t + q, -q - 73 + 42 = -t. Let j(n) = 8*n + r*n - t*n + 9*n. Give j(1).
-4
Let u(c) = -13*c**2 + 13*c + 7. Let v be 15/40 - 255/40. Let m(j) = -2*j**2 + j + 1. Let x(s) = v*m(s) + u(s). Give x(6).
7
Let r(l) = l**3 - 3*l**2 + 7*l - 8. Let x(w) = -w**3 + 3*w**2 - 8*w + 9. Let t(s) = -5*r(s) - 4*x(s). Let k be 350/150 - (0 + 2/(-3)). Calculate t(k).
-5
Let q(t) be the third derivative of t**5/60 + t**4/6 - t**3/2 - 5*t**2. Let u(z) = -z**2 + 4*z + 6. Let g be u(4). Let o = g + -10. What is q(o)?
-3
Let a(h) = 2*h**2 + 4*h + 4. Suppose 7*s = -7*s + 3850. Suppose 3*t - s = -11. Let g = 84 - t. Determine a(g).
20
Let j(d) = -62*d + 68. Let r(n) = -20*n + 24. Let q(f) = 4*j(f) - 11*r(f). What is q(1)?
-20
Let o be -4 - (-9 + (-12)/(-3)). Let l(i) = 300*i**3 + i**2 - 619*i**3 - o + i + 309*i**3. Determine l(1).
-9
Let j(f) be the second derivative of f**4/12 - 17*f**3/6 + f**2 + 1392*f - 2. Give j(19).
40
Suppose 3*s - 5*q = 37, 4 = q - 3*q. Let r(v) = 3*v - s + 14 - 6 - 1. Suppose -5*n + 35 = 3*h, -2*h = -6 - 4. What is r(n)?
10
Let k(w) = -51. Let j(y) = y + 143. Let o(h) = 4*j(h) + 11*k(h). Suppose -4*s - 24 = -2*r, -s + 2*r + 0*r = 12. What is o(s)?
-5
Let w(k) = -k**3 + 3*k**2 - 6*k + 6. Let c be w(1). Let a(q) = -4*q**3 - 3*q + 1. Calculate a(c).
-37
Suppose -c - 2*k + 8 = 0, -c = 5*k - 2*k - 9. Let f = 185 + -178. Let l(d) = -2*d**3 + 6933 - 6940 + 5*d - f*d**2 + 3*d**3. What is l(c)?
-13
Suppose 15 = -110*k + 115*k. Let c(v) = -5*v**3 - 3*v**k + 4*v + 17*v**3 + 3 - 8*v**3. Calculate c(-3).
-36
Let c(h) = 6*h**2 - h - 1. Suppose 1 = x - 4*y, x + 0*y - 2*y = 1. Let d be c(x). Let s(m) = -16 + m**3 - 3*m + m**2 + d*m**2 + 13. What is s(-5)?
12
Let j(z) = -z**3 + z**2 + 4*z + 6. Let g be j(3). Suppose g = -5*m - 2 + 7. Let i(u) = -3*u + 2*u - m + 4 - 2. Determine i(0).
1
Let m(a) = 3 - 31 + 26 - 1 - 3*a. Let n = -21 - -25. Let k be -4 + n - 1*4. Determine m(k).
9
Let c(v) be the first derivative of -v**3/3 + v**2/2 + 3*v - 665. What is c(2)?
1
Let z(f) = -96 + 418 + 3*f - 97 - 106 - 99. Determine z(-4).
8
Let y(n) = 21*n. Let k be (-1 - 3)*(3/48)/((-14)/56). Calculate y(k).
21
Suppose 12 = 4*m + 6*g - 10*g, -3*m = -g - 25. Let y(u) be the second derivative of -1/20*u**5 - 3/2*u**2 - 1/3*u**4 + 0 - m*u - 1/6*u**3. Determine y(-3).
-9
Suppose -2*i - 2*j + 9 + 17 = 0, 4*i = 4*j + 12. Let m(b) = -68*b + 8*b + 51*b - i*b**2 + b**3 - 2. What is m(9)?
-2
Suppose -28 = -2*r - 5*l, -2*r - 3*r + 2*l = -12. Suppose r*g = 80 - 72. Let u(s) = -30 + 4*s**g - s - 5*s**2 + 32. Give u(3).
-10
Let u(b) be the third derivative of 0*b - 2*b**2 + 1/3*b**4 + 0 + 1/120*b**6 + 7/6*b**3 - 3/20*b**5. Calculate u(8).
7
Let z = 6149 + -6143. Let a(g) = 3*g**2 - 12*g + 9. Let u(x) = 2*x**2 - 8*x + 6. Let b(s) = 5*a(s) - 7*u(s). Give b(z).
15
Suppose 3*d - 17 = 4*r, -3*r - 2*d = d - 3. Let o(l) be the third derivative of 0*l + 1/6*l**3 + 0 - 1/24*l**4 - 12*l**2. Give o(r).
3
Let f = 3 - -3. Suppose 2*i = f*i + 4*y - 16, 20 = -i + 5*y. Let s(z) = 49*z - 7. Let u(m) = 65*m - 6. Let d(t) = -4*s(t) + 3*u(t). What is d(i)?
10
Let x = 7 - 11. Suppose -243*v = -246*v + 12. Let l(y) = 10*y**2 - 2*y**2 - 4*y - v*y**2 + y - 1 - 5*y**2. Determine l(x).
-5
Let q(c) be the second derivative of c**5/4 + 41*c**4/12 + 4*c**3/3 + 7*c**2/2 - 497*c. Give q(-8).
7
Let d(k) = -7*k - 9. Let h(v) = -10*v - 5. Let w(b) = d(b) - h(b). Let z be (-2)/((4/(-1))/(-2)). Let u = z - -5. What is w(u)?
8
Let b(p) = -p**2 + 13*p - 25. Suppose 15*s - 10*s = -y - 25, 3*y + 15 = -5*s. Calculate b(y).
15
Let y(h) be the first derivative of -15/2*h**2 + 3*h + 157. Give y(1).
-12
Let g(m) = 2*m